 j be n(4). Suppose -f + j*q = 20, -5*f + 5*q - 20 = q. Suppose f = c + 3. Let r(z) = -2*z + 3. Determine r(c).
9
Let f(k) = 1. Let o(j) be the third derivative of -4*j**2 - j**3 + 0*j - 1/6*j**4 + 0. Let u(s) = -5*f(s) - o(s). What is u(-1)?
-3
Suppose -2*w = 2*w - 16. Let l(v) = w*v - 4*v + v. Give l(-4).
-4
Let i(j) = 4*j**2 + 2*j + 20. Let f(w) = -2*w**2 - w - 9. Let s(z) = -9*f(z) - 4*i(z). Give s(-1).
2
Suppose 2 = -3*x + 8. Let b(y) = 1 + 4 - 2*y**2 + 3*y**x - 3. Let m = 23 - 25. Give b(m).
6
Suppose -5*k + 56 = -z - 3*z, -4*z = 2*k. Let o(s) = -2*s + 7 - s**2 - k + 5 - s. Determine o(-4).
0
Let v(r) = 3*r**2 + r. Let a(z) = -z + 2. Let i be a(3). Calculate v(i).
2
Let u(k) = k - 6. Let j be u(4). Let y(r) = r**2 + r + 2. Calculate y(j).
4
Suppose -4*b - b + 4*f - 2 = 0, 3*f = 3*b. Let v(n) = 1 + n**2 - n**3 - n**2 - 2*n - 4*n**2. Give v(b).
-3
Let r(m) be the first derivative of -m**4/4 - 2*m**3 - 5*m**2/2 + 5*m + 32. Let h = -14 - -10. Let v = h + -1. What is r(v)?
5
Let b(d) = d**2 + 1. Let j(x) = -2*x**2 + x - 8. Let k(t) = -b(t) - j(t). What is k(0)?
7
Let y(x) = 2*x**2 + 1 + 12*x**2 - 11*x**2 + 2*x + 0. Calculate y(-1).
2
Let y(o) = o**3 + 4*o**2 + o - 2. Let h be y(-3). Let j be (-14)/(-10) + h/(-10). Let w(m) = -6*m + 3733 - 3733. Give w(j).
-6
Let j(h) = -h**2 - 5*h - 4. Let m(z) = z**2 + 5*z - 5. Let b(r) = -r**2 - 4*r - 5. Let f be b(-4). Let y be m(f). Give j(y).
-4
Let a be ((-40)/(-15))/(4/6). Let f(i) = -i**2 + 5*i. Give f(a).
4
Let f(x) = 2*x - 2. Let h(a) = a**2 - 10*a + 4. Let j be h(10). Let y = 0 + j. Let m = y - 6. Calculate f(m).
-6
Let q be (22/(-4) + 5)*(2 + 0). Let k(w) be the third derivative of -3*w**4/8 - w**3/6 - 5*w**2. Give k(q).
8
Let z = 6 + -3. Let q(t) = 2 + t**2 + 3 + 0 + t**z - t - 2. What is q(0)?
3
Let l(v) be the third derivative of 5*v**4/24 - v**3/6 + 2*v**2. Let p = 1 + -1. Let z = p - 1. What is l(z)?
-6
Let g(c) = 3*c - 2. Let i be 90/20 + (-2)/4. Determine g(i).
10
Let o(p) be the first derivative of 2*p**3 + 5 + 5/2*p**2 - 6*p + 1/4*p**4. Give o(-5).
-6
Let u = -3 + 6. Let n(x) = -5*x - 5 - 1 + 2*x + 3. Give n(u).
-12
Let x(s) = s**2 - 6. Suppose -2*n = -3*g - 9, g + 6 = -5*n - g. What is x(n)?
-6
Let s(z) be the third derivative of -z**8/6720 - z**7/420 - z**6/240 + z**5/24 + z**4/24 + 3*z**2. Let u(r) be the second derivative of s(r). Calculate u(-5).
-5
Suppose -2*z - x = -4*x - 22, -5*z - 4*x = -9. Let n(h) = 3*h - 7. What is n(z)?
8
Let l(q) be the first derivative of -7*q**3/3 - q**2 - 5*q + 6. Let g(y) = 14*y**2 + 4*y + 9. Let j(v) = 6*g(v) + 11*l(v). What is j(1)?
8
Let o(d) = -d + 13. Let t(k) = -2*k + 19. Let j(z) = -7*o(z) + 5*t(z). What is j(-3)?
13
Let h(b) = b**3 + 3*b**2 - 2. Let z(c) = -c**3 + 4*c**2 + 13*c - 8. Let r be z(6). Give h(r).
2
Let n(d) be the third derivative of -d**8/6720 + d**7/504 - d**6/144 - d**5/60 + d**4/6 + d**2. Let g(y) be the second derivative of n(y). Calculate g(4).
-6
Let s(l) = -6*l**2 + 6*l + 1. Let v(h) = -7*h**2 + 7*h + 1. Let f(p) = -6*s(p) + 5*v(p). Calculate f(2).
1
Suppose 0*z - 4*z = -20. Let r(i) be the first derivative of i**4/4 - 4*i**3/3 - 7*i**2/2 + 7*i - 2. What is r(z)?
-3
Let a(y) = -y**2 - y. Let c(o) = o**2 - 7*o. Let k be c(8). Let f = -11 + k. Calculate a(f).
-6
Let v(z) = -16*z**2 + 8*z**2 + 5*z**2 - z + z**3 + 1. Suppose 0 = -3*h + 3*n + 12, -4*h + 7 + 10 = -5*n. What is v(h)?
-2
Let p(b) be the first derivative of b**4/4 + 4*b**3 + 6*b**2 + 7*b - 10. Determine p(-11).
-4
Let w(j) = 3*j - 11 - j**3 + j**2 + 10 - 2*j. Let y = 0 + 1. Give w(y).
0
Let m(o) be the second derivative of -7*o**4/6 + 10*o**3/3 + 17*o**2/2 + 4*o. Let q(l) = 5*l**2 - 7*l - 6. Let f(y) = 6*m(y) + 17*q(y). What is f(0)?
0
Suppose -4*u + 3*u + 2*q + 15 = 0, 0 = -5*u - 5*q + 120. Let b = 0 - -5. Suppose -b*s + 4 = -u. Let i(j) = j - 3. Give i(s).
2
Let b(u) = u**2 + 3*u - 2. Suppose -3*a + 28 - 10 = 3*g, -50 = -3*g + 5*a. Let z be (-6)/(-15) - 4/g. Suppose -i - 7 = 2*c, 0 = 2*c - z + 4. Determine b(i).
-2
Suppose -z = a + 12, -a = a + 5*z + 36. Let y = -6 - a. Let h(d) = -7*d - 2*d**y + 4*d**2 + d**2 - 2*d**2 + 9. Give h(6).
3
Let y(l) = 3 - 3 + 4*l - 1 - 3*l. Let b be 1/2 + 26/(-4). Calculate y(b).
-7
Let c(d) = -3*d + 55. Let u be c(21). Let h(o) = o**2 + 6*o - 10. Determine h(u).
6
Let p be (-2)/(2/(-6) - -1). Let k(f) be the first derivative of -f**3/3 - f**2/2 - 1. Calculate k(p).
-6
Let r be ((-87)/(-9) + -9)*(0 + 6). Let o(c) = 2*c**2 - 5*c - 4. What is o(r)?
8
Let s(p) = -4*p**3 + 7*p**2 - 3*p - 7. Let y(v) = v**3 - 2*v**2 + v + 2. Let f(w) = -4*s(w) - 14*y(w). Determine f(2).
12
Let p = -10 - -10. Let b(o) = p + o - o + o + 1. Let v be b(3). Let w(y) = -y**2 + 6*y - 5. Determine w(v).
3
Let i be 2 + (-4 - 8/(-4)). Let h(l) = -l**3 + 4. Determine h(i).
4
Let r(m) = 3*m - 1. Let l = -77 + 71. Calculate r(l).
-19
Let a(u) = -u**2 + 1. Let w = 1 + 0. Let f(i) = -3*i**2 - i + 8. Let g(z) = w*f(z) - 2*a(z). Determine g(0).
6
Let k(c) = -11*c**3 - 1. Suppose 6 = 4*g + 2, 0 = -2*b - 2*g. Give k(b).
10
Let u(n) = -2 + 3 + 0*n - 3 - n. Calculate u(3).
-5
Suppose 3*q + 2 - 29 = -3*d, 2*d - 32 = 5*q. Suppose -4*u + 3 = -5*u - x, -5*x - d = 4*u. Let f = u - -4. Let c(t) = -t**2. Determine c(f).
0
Let p be (-1)/(3/(-2) - -1). Let a(i) = -4*i**3 + p*i**3 - 5 + i**3 + 3. What is a(0)?
-2
Let d(k) = k**3 + k**2 + k - 25. Suppose -4*b - 15 = -4*z + 1, 2*b + 4*z - 16 = 0. What is d(b)?
-25
Let t(c) be the first derivative of -c**3/3 + 7*c**2/2 - 3*c - 5. Determine t(7).
-3
Let u = 2 - -4. Suppose 4*z = 2*z + u. Suppose 4*t + 2*m + 4 = 16, -9 = -z*t - 3*m. Let p(d) = -d**2 + 4*d - 1. Give p(t).
2
Let o(l) = -7*l**3 + l**2 - l. Suppose 0 = -u + 2, -2*g + u + 24 = -2*u. Let h = 16 - g. Calculate o(h).
-7
Suppose 0*c = -4*c. Let y = 0 - c. Let j(o) = o - 10. Give j(y).
-10
Let a(m) = -3*m - 8. Let z(q) = q**3 - 4*q**2 - 7*q + 4. Let v be z(5). What is a(v)?
10
Let v(j) = -j**2 + 3. Suppose -3*p = -3*t - 12, t = -3*p - 0*t + 20. Suppose -4*x + 0*x - 5*c = -40, 5*c - 35 = -3*x. Suppose 9 = x*m - p. What is v(m)?
-6
Let p(z) = 5*z**2 + 10*z + 7. Suppose 2 = 2*d - 10. Let s(m) = -11*m**2 - 21*m - 15. Let b(w) = d*s(w) + 13*p(w). Determine b(3).
4
Let q = 26 + -15. Suppose 20 = 4*w, -c + q - 32 = -4*w. Let g(o) be the first derivative of o**2 - o + 2. Determine g(c).
-3
Let u(i) = -i**3 + 3*i**2 + 2*i - 3. Let n be u(3). Let p = n + 1. Let a(d) = -d**2 + 3*d - 4. What is a(p)?
-8
Let m(w) = -w**3 + 6*w**2 + w + 6. Let t(k) = k**2 - 9*k + 6. Let p be t(9). Calculate m(p).
12
Let z(s) = 3*s**2 + s**2 + 1 - 5*s**2. Let u(r) = 4. Let a(i) = -3. Let c(l) = 5*a(l) + 4*u(l). Let b(j) = -5*c(j) + z(j). What is b(0)?
-4
Let v = 6 - 2. Let k(u) = -u + v*u + 2 - 2*u. Calculate k(3).
5
Let o = -2 + 2. Let q be -1*(-1 + o) - 1. Suppose 3*f = -q*f. Let z(h) = h - 4. Give z(f).
-4
Let c(p) = 4*p**3 - p**2 + 2*p - 1. Suppose 0 = 2*d - 4*r - 18, -2*d + 14 = -r - 2*r. Calculate c(d).
4
Let z = 0 - -2. Let n(t) = -7*t + 2*t - 3 + 6. What is n(z)?
-7
Let h(t) = -t**2 - 11*t - 8. Let y be h(-10). Suppose -5 = -2*x - 1. Let m(a) = 4 - 2*a - x*a - 2 + y*a. Calculate m(2).
-2
Let j(h) = -h**3 - 3*h**2 + 4*h - 3. Let y be 54/(-15) + 4/(-10). Determine j(y).
-3
Let z(w) = w**3 + 12*w**2 + 11*w + 6. Let g be z(-11). Let h(v) = v**3 - 7*v**2 + 6*v - 3. Give h(g).
-3
Let y(i) = 5*i**2 + 5. Let l(a) = 4*a**2 + 4. Let r(f) = 4*l(f) - 3*y(f). Suppose -2*s + 16 = 6*s. Give r(s).
5
Let z(q) = -2*q**2 + 39*q - 30. Let v(k) = k**2 - 19*k + 15. Let x(w) = 9*v(w) + 4*z(w). Let p be x(14). Let m(h) = -6*h + 1. Determine m(p).
-5
Let w = -59 + 59. Let c(t) be the third derivative of 0*t**4 - 2*t**2 + w - 1/120*t**6 + 1/30*t**5 + 0*t - 1/3*t**3. What is c(2)?
-2
Suppose 3*n + 15 = -3*f, 3*n + n + 12 = 0. Let z(p) = -2*p**2 + 3*p + 3. Determine z(f).
-11
Let p(z) = z. Let y(m) = -1. Let s(o) = -o. Let c(w) = 2*s(w) - y(w). Let a(d) = -3*c(d) - 5*p(d). Give a(2).
-1
Let f(d) be the first derivative of 3/2*d**2 - 4*d - 3. Let t(j) = -j**2 - 10*j - 12. Let y be t(-8). Give f(y).
8
Let s(a) be the first derivative of a**6/360 + a**5/20 + a**4/8 + a**3/3 - 3. Let y(q) be the third derivative of s(q). Determine y(-5).
-2
Let s(u) be the second derivative of -2*u**3/3 + u**2 - 3*u. What is s(-3)?
14
Let w(z) = -z - 1.